{"id":7390,"date":"2026-04-29T07:08:21","date_gmt":"2026-04-29T10:08:21","guid":{"rendered":"https:\/\/ifdc3-juj.infd.edu.ar\/sitio\/?page_id=7390"},"modified":"2026-04-29T07:12:15","modified_gmt":"2026-04-29T10:12:15","slug":"inscripciones-a-mesas-de-examen-turno-ordinario-mayo-2026","status":"publish","type":"page","link":"https:\/\/ifdc3-juj.infd.edu.ar\/sitio\/inscripciones-a-mesas-de-examen-turno-ordinario-mayo-2026\/","title":{"rendered":"Inscripciones a mesas de examen &#8211; Turno ordinario mayo 2026"},"content":{"rendered":"\n<p>Este turno de examen cuenta con un\u00a0<strong>\u00fanico llamado<\/strong>, en este Instituto  se llevar\u00e1 a cabo\u00a0entre el 07 al  12 mayo, con agenda a definir seg\u00fan los resultados de esta inscripci\u00f3n, considerando \u00fanicamente las unidades curriculares que tengan inscriptos.<\/p>\n\n\n\n<p><strong>T.  Ma\u00f1ana<\/strong><\/p>\n\n\n\n<ul>\n<li><a href=\"https:\/\/docs.google.com\/forms\/d\/e\/1FAIpQLScdzHke4sT8Op_eAzyXtylpVGsMnH0ql1f6OSudfPcg2gg4Aw\/viewform?usp=publish-editor\" data-type=\"URL\" data-id=\"https:\/\/docs.google.com\/forms\/d\/e\/1FAIpQLScdzHke4sT8Op_eAzyXtylpVGsMnH0ql1f6OSudfPcg2gg4Aw\/viewform?usp=publish-editor\" target=\"_blank\" rel=\"noreferrer noopener\">Educaci\u00f3n Inicial T. M.<\/a><\/li>\n<\/ul>\n\n\n\n<ul>\n<li><a href=\"https:\/\/docs.google.com\/forms\/d\/e\/1FAIpQLSc8xIFIqdUQK7pUHUmKJOH-hV_wsNmVyGoqgRPgWCD66xV9Ww\/viewform?usp=publish-editor\" data-type=\"URL\" data-id=\"https:\/\/docs.google.com\/forms\/d\/e\/1FAIpQLSc8xIFIqdUQK7pUHUmKJOH-hV_wsNmVyGoqgRPgWCD66xV9Ww\/viewform?usp=publish-editor\" target=\"_blank\" rel=\"noreferrer noopener\">Educaci\u00f3n Primaria C\/Or en EPJA<\/a><\/li>\n<\/ul>\n\n\n\n<p><strong>T. Tarde<\/strong><\/p>\n\n\n\n<ul>\n<li><a href=\"https:\/\/docs.google.com\/forms\/d\/e\/1FAIpQLSfezRf43Q24tnsFNlz4dwiohpYnr0U_e6UDI6crMgdvRQ6bEQ\/viewform?usp=publish-editor\" data-type=\"URL\" data-id=\"https:\/\/docs.google.com\/forms\/d\/e\/1FAIpQLSfezRf43Q24tnsFNlz4dwiohpYnr0U_e6UDI6crMgdvRQ6bEQ\/viewform?usp=publish-editor\" target=\"_blank\" rel=\"noreferrer noopener\">Educaci\u00f3n Inicial T.T.<\/a><\/li>\n<\/ul>\n\n\n\n<ul>\n<li><a href=\"https:\/\/docs.google.com\/forms\/d\/e\/1FAIpQLScCjeUFtb3c36zsv8RaV-uqbRaTJnHDEVrAIGyHQ9zUjCFxoQ\/viewform?usp=publish-editor\" data-type=\"URL\" data-id=\"https:\/\/docs.google.com\/forms\/d\/e\/1FAIpQLScCjeUFtb3c36zsv8RaV-uqbRaTJnHDEVrAIGyHQ9zUjCFxoQ\/viewform?usp=publish-editor\" target=\"_blank\" rel=\"noreferrer noopener\">Educaci\u00f3n Primaria C\/Or en EIB<\/a><\/li>\n<\/ul>\n","protected":false},"excerpt":{"rendered":"<p>Este turno de examen cuenta con un\u00a0\u00fanico llamado, en este Instituto se llevar\u00e1 a cabo\u00a0entre el 07 al 12 mayo, con agenda a definir seg\u00fan los resultados de esta inscripci\u00f3n, considerando \u00fanicamente las unidades curriculares que tengan inscriptos. T. Ma\u00f1ana T. Tarde<\/p>\n","protected":false},"author":8528,"featured_media":0,"parent":0,"menu_order":0,"comment_status":"closed","ping_status":"closed","template":"","meta":[],"acf":[],"_links":{"self":[{"href":"https:\/\/ifdc3-juj.infd.edu.ar\/sitio\/wp-json\/wp\/v2\/pages\/7390"}],"collection":[{"href":"https:\/\/ifdc3-juj.infd.edu.ar\/sitio\/wp-json\/wp\/v2\/pages"}],"about":[{"href":"https:\/\/ifdc3-juj.infd.edu.ar\/sitio\/wp-json\/wp\/v2\/types\/page"}],"author":[{"embeddable":true,"href":"https:\/\/ifdc3-juj.infd.edu.ar\/sitio\/wp-json\/wp\/v2\/users\/8528"}],"replies":[{"embeddable":true,"href":"https:\/\/ifdc3-juj.infd.edu.ar\/sitio\/wp-json\/wp\/v2\/comments?post=7390"}],"version-history":[{"count":2,"href":"https:\/\/ifdc3-juj.infd.edu.ar\/sitio\/wp-json\/wp\/v2\/pages\/7390\/revisions"}],"predecessor-version":[{"id":7394,"href":"https:\/\/ifdc3-juj.infd.edu.ar\/sitio\/wp-json\/wp\/v2\/pages\/7390\/revisions\/7394"}],"wp:attachment":[{"href":"https:\/\/ifdc3-juj.infd.edu.ar\/sitio\/wp-json\/wp\/v2\/media?parent=7390"}],"curies":[{"name":"wp","href":"https:\/\/api.w.org\/{rel}","templated":true}]}}

<p>Este turno de examen cuenta con un <strong>único llamado</strong>, en este Instituto  se llevará a cabo entre el 07 al  12 mayo, con agenda a definir según los resultados de esta inscripción, considerando únicamente las unidades curriculares que tengan inscriptos.</p>



<p><strong>T.  Mañana</strong></p>



<ul>
<li><a href="https://docs.google.com/forms/d/e/1FAIpQLScdzHke4sT8Op_eAzyXtylpVGsMnH0ql1f6OSudfPcg2gg4Aw/viewform?usp=publish-editor" data-type="URL" data-id="https://docs.google.com/forms/d/e/1FAIpQLScdzHke4sT8Op_eAzyXtylpVGsMnH0ql1f6OSudfPcg2gg4Aw/viewform?usp=publish-editor" target="_blank" rel="noreferrer noopener">Educación Inicial T. M.</a></li>
</ul>



<ul>
<li><a href="https://docs.google.com/forms/d/e/1FAIpQLSc8xIFIqdUQK7pUHUmKJOH-hV_wsNmVyGoqgRPgWCD66xV9Ww/viewform?usp=publish-editor" data-type="URL" data-id="https://docs.google.com/forms/d/e/1FAIpQLSc8xIFIqdUQK7pUHUmKJOH-hV_wsNmVyGoqgRPgWCD66xV9Ww/viewform?usp=publish-editor" target="_blank" rel="noreferrer noopener">Educación Primaria C/Or en EPJA</a></li>
</ul>



<p><strong>T. Tarde</strong></p>



<ul>
<li><a href="https://docs.google.com/forms/d/e/1FAIpQLSfezRf43Q24tnsFNlz4dwiohpYnr0U_e6UDI6crMgdvRQ6bEQ/viewform?usp=publish-editor" data-type="URL" data-id="https://docs.google.com/forms/d/e/1FAIpQLSfezRf43Q24tnsFNlz4dwiohpYnr0U_e6UDI6crMgdvRQ6bEQ/viewform?usp=publish-editor" target="_blank" rel="noreferrer noopener">Educación Inicial T.T.</a></li>
</ul>



<ul>
<li><a href="https://docs.google.com/forms/d/e/1FAIpQLScCjeUFtb3c36zsv8RaV-uqbRaTJnHDEVrAIGyHQ9zUjCFxoQ/viewform?usp=publish-editor" data-type="URL" data-id="https://docs.google.com/forms/d/e/1FAIpQLScCjeUFtb3c36zsv8RaV-uqbRaTJnHDEVrAIGyHQ9zUjCFxoQ/viewform?usp=publish-editor" target="_blank" rel="noreferrer noopener">Educación Primaria C/Or en EIB</a></li>
</ul>

<p>Este turno de examen cuenta con un único llamado, en este Instituto se llevará a cabo entre el 07 al 12 mayo, con agenda a definir según los resultados de esta inscripción, considerando únicamente las unidades curriculares que tengan inscriptos. T. Mañana T. Tarde</p>
